= 2*c. Calculate the remainder when g is divided by 17.
16
Let q = 4859 + -4846. Calculate the remainder when 106/((-1)/8*-2) is divided by q.
8
Suppose f - 3825 = -4*m, 5*m - 2*f - 4800 = -7*f. Suppose -9*v - m = -14*v. Calculate the remainder when v is divided by 6.
5
Let m(y) = -2*y**3 - 4*y**2 + y + 4. Suppose 2*n - 5*f - 16 = 0, 0*n + 4*n = 2*f + 16. What is the remainder when m(-3) is divided by n?
1
Let t = -21857 + 22101. Calculate the remainder when t is divided by 51.
40
Suppose 2*p + 2*p - 32 = 5*o, p + 34 = -4*o. What is the remainder when 23 is divided by (-9)/12*o/2?
2
Let q(w) = -28 + 41*w + 75*w - 120*w. Let a be (-2)/1 + (1 - 15). What is the remainder when q(a) is divided by 13?
10
Suppose 3*t + 4*k + 322 = 0, 5*t - k + 347 = 2*t. What is the remainder when (13 + 2)*t/(-9) is divided by (-2 - -4) + (-460)/(-10)?
46
Let f(t) be the second derivative of -t**5/20 - 2*t**4 + 23*t**3/6 - 31*t**2/2 - 56*t. Calculate the remainder when f(-25) is divided by 8.
3
Suppose 24*s - 20*s = 80. Suppose 36 = 4*y + q, 3*y + 0*q - s = q. Calculate the remainder when 78 is divided by y.
6
What is the remainder when 297 - 45/(-60)*100/(-15) is divided by 13?
6
What is the remainder when 1274 is divided by (4 - 363/(-6)) + (-33)/66?
58
Suppose j = -3*j + 52. Let f(p) = -13*p - 66. Suppose -92 = 5*n - 42. What is the remainder when f(n) is divided by j?
12
Let c = 9 - -25. Let g(t) be the second derivative of t**5/20 - t**4/4 - 3*t**3/2 + 7*t**2 + 19*t + 2. What is the remainder when c is divided by g(5)?
15
Suppose b - 4 = -b. Suppose 84 = b*n - 2*i + 20, 2*i = -10. Let g = 3333 - 3226. What is the remainder when g is divided by n?
26
Suppose -6*b - 8*b + 308 = 0. Let y be (0 + b)/((-27)/54). Let n = 79 + y. What is the remainder when n is divided by 13?
9
Suppose -28*n - 20 = -82*n + 682. Calculate the remainder when 1052 is divided by n.
12
Let k = -281 - -283. What is the remainder when 77 is divided by 3/k*1176/63?
21
Let a = 87 - -104. Calculate the remainder when a is divided by 52*(1740/(-48))/(-29).
61
Let y be (2/((-16)/(-6)))/(3/(-336)). Let r(f) = -f**2 - 5*f + 4. What is the remainder when ((-74)/(-4))/(7*(-6)/y) is divided by r(-2)?
7
Suppose 3*b + 2*l = 56, 3*l + 3 = -5*b + 98. What is the remainder when (33540/12)/13 - 22 is divided by b?
17
Suppose 5*y - 280 = -5*t, -241 = 4*y - 293. Suppose m = 3 + 3. What is the remainder when t is divided by m?
1
Let u = 267 - 430. Let k(q) = 96*q + 4. Let x be k(3). Let t = u + x. Calculate the remainder when t is divided by 22.
19
Suppose 0 = 12390*r - 12384*r - 1026. Calculate the remainder when 4102 is divided by r.
169
Suppose 0 = -5*t - 2*p + 4234, 2*t = -2*p + 1099 + 597. Calculate the remainder when t is divided by 278.
12
Let h = -56 - -99. Suppose 0*d - 4*d - 120 = 0. Let j = d + h. What is the remainder when 24 is divided by j?
11
Suppose -w = 2 - 7. Let g be (-6 + 72/15)*w/(-2). Suppose -20 = -2*z + 2*o, -g*z - o - 12 = -38. What is the remainder when 24 is divided by z?
6
Calculate the remainder when 796 is divided by (-279)/(-4) - (-27 - (-2354)/88).
26
Suppose 0 = -5*o + 6 - 11, 3*o = -4*d + 85. Suppose d*y - 936 = -2*y. Calculate the remainder when y is divided by 28.
11
Let p(g) = -g + 11. Suppose 5*n - 3*i + 20 = -2*i, -i = 0. Calculate the remainder when p(-8) is divided by n*(0 + (0 - 1)).
3
Suppose 25*d = 811 + 89. What is the remainder when 1763 is divided by d?
35
Let r = 190 + -182. Suppose 0 = r*o + 485 - 3197. What is the remainder when o is divided by 31?
29
Suppose 46*p = 14*p. Suppose p = -8*s - 600 + 3168. Calculate the remainder when s is divided by 84.
69
Let k(g) = g**2 - 3*g + 10. Let o be k(0). Let s(m) = o*m - 1 + 1 + 8*m. What is the remainder when s(1) is divided by 9?
0
Let n = -35 - -55. Let m be -1 - (-4 - -5) - 31. Let p = m + 39. What is the remainder when n is divided by p?
2
Let o(m) = 50*m**2 + m + 2. Let i be o(-1). Calculate the remainder when 59 is divided by (6 + -7 - 5) + i.
14
Let s(b) = -b**3 + 0 + 4*b**2 - 2 + 2*b + 5. Calculate the remainder when 1/(-17) - ((-24435)/(-765) + -49) is divided by s(4).
6
Calculate the remainder when 1006 is divided by 497 + (-2)/(-2) - (-4064)/(-508).
26
Let k = -42 - 10. Calculate the remainder when 1209/k*8/(-3) is divided by 16.
14
Suppose 5*n = -22*g + 20*g + 488, 0 = 4*g + n - 1012. Let h = -243 + g. Suppose -3*b = -6*b + 48. Calculate the remainder when b is divided by h.
5
Suppose -2 = 3*l + 5*d, 4*d + 8 = 5*l - 9*l. Calculate the remainder when 109 is divided by l/14 - (-11524)/301.
33
Let x(o) = -3*o**2 - 16*o - 6. Let y be x(-8). Calculate the remainder when (-2)/4 + 39/2 is divided by ((-8)/(-14))/((-10)/y).
3
Let u be -312*((-4)/6)/((-24)/(-27)). Let w = u + -217. What is the remainder when 117 is divided by w?
15
Let g = 70 - 39. Suppose 2*i + 39 = 15*i. Suppose 4*j - 46 = 5*a, 14*j - i*a - 51 = 9*j. Calculate the remainder when g is divided by j.
4
Suppose 75*b - 466 + 44 = 328. What is the remainder when 1349 is divided by b?
9
What is the remainder when 4893 is divided by (-2)/8 + 2911/60 + 64/(-240)?
45
Let b be (-41 + 18)*3*2/(-3). Suppose -b*v + 39*v + 546 = 0. Suppose 0 = 3*p + 4*y - 113 + 2, 4*y = -2*p + v. Calculate the remainder when p is divided by 6.
3
Suppose -5*g + 350 = 3*d, -3*d + 2*g + 44 = -278. Let t(k) = k**3 + 6*k**2 - 7*k - 8. What is the remainder when d is divided by t(-6)?
8
Let x(f) = -24*f - 3. Let c be x(-11). Suppose -27*p + 495 + c = 0. Calculate the remainder when 108 is divided by p.
24
Suppose 5*l + 5*x = -30, 0 = -l + x - 6. Let u = -49 - -64. Calculate the remainder when (-4)/l - 242/(-6) is divided by u.
11
Let w(d) = -2*d**3 + 82*d**2 - 2*d + 92. Suppose 41 = -11*o + 12*o. Let a(y) = 2*y**3 - 3*y**2 + 4*y. Calculate the remainder when a(3) is divided by w(o).
9
Suppose -2*b - b = s + 1, 2*b + 5*s = -5. Suppose -g + 11*x - 16*x = -107, 5*g - 4*x - 535 = b. Calculate the remainder when g is divided by 37.
33
Let c = -1 + 3. Suppose y - 11 = -v + c*v, -y - 4*v = -1. Let p = 52961 - 52910. What is the remainder when p is divided by y?
6
Let j be 4/14 + 312/84. Suppose -j*l = 18 - 2, 0 = -p - 3*l + 1. Suppose 8 = -q + 45. What is the remainder when q is divided by p?
11
Let v(x) = 2*x + 65. Let k be v(-23). Suppose -5*q + 70 = -30. Let g = q - k. What is the remainder when 1 is divided by g?
0
Calculate the remainder when (508/20)/(14/70)*5 is divided by 17.
6
Let u = 42 + -3. Suppose u - 109 = -7*a. Suppose -5*w = -3*x + 52, 0*x + x = -w + 20. What is the remainder when x is divided by a?
9
Suppose 4*m + u = 863, -277*m = -272*m + 4*u - 1076. Calculate the remainder when 6045 is divided by m.
213
Let v = 273 + -195. Let l = 76 - 54. Let g = -14 + l. What is the remainder when v is divided by g?
6
Let a = 3583 + -3063. What is the remainder when a is divided by 2?
0
What is the remainder when 338 is divided by (6 + -669 - -9)/(-3 + 1)?
11
Suppose -5*z + 9*z = 496. Let c(k) be the third derivative of k**5/30 - k**4/3 + k**3/6 + 10*k**2 - k. What is the remainder when z is divided by c(7)?
38
Suppose 154*p + 95*p - 16*p = 33086. Let d(q) = -2*q + 4. What is the remainder when p is divided by d(-6)?
14
Let q(b) be the first derivative of b**3/3 + 5*b**2 + 53*b + 12. What is the remainder when 57 is divided by q(-8)?
20
Suppose -29*o + 1960 = -55*o + 7888. What is the remainder when o is divided by 25?
3
Suppose 246 = 13*q - 7*q. Let l = q - -8. What is the remainder when 193 is divided by l?
46
Let r be -10*(6/(-25))/(45/(-150)). Let h(j) = -j**2 - 8*j + 25. What is the remainder when 72 is divided by h(r)?
22
Suppose -5*s + 20 = -t, 0 = 2*t + 3*s - 6*s + 12. Let i be (85/(-120) - (-9)/24)*t. Suppose 8*u - 120 = -i*u. Calculate the remainder when 56 is divided by u.
11
Let w be (-5)/20 - -311*3/4. Let y = w - 214. Calculate the remainder when 35 is divided by y.
16
Let a be (-2)/4*-6*(-1)/(-3). Suppose z = -4*z - 5, 5*z = -5*m + 10. Suppose m*x - 7 = -a. What is the remainder when 3 is divided by x?
1
Suppose 5*c + 0*c = b + 131, c = 2*b + 28. Suppose -u = -2*s - c, 6*s = 4*u + 3*s - 79. Suppose u*r - 250 = 6*r. What is the remainder when 97 is divided by r?
22
Let h = -349 - -476. Suppose -h = -14*p + 13. Calculate the remainder when 39 is divided by p.
9
Let j =